 77947 a prime number?
False
Is 1716247 composite?
True
Is 454859 a composite number?
False
Is 460403 a composite number?
False
Is 100337 prime?
False
Is 236047 a composite number?
True
Is 279571 composite?
False
Is 3937 prime?
False
Is 173461 a composite number?
True
Is 34519 prime?
True
Is 9838 a composite number?
True
Is 9083 composite?
True
Is 498343 composite?
False
Is 14767 a composite number?
False
Is 50361 composite?
True
Is 13961 a prime number?
False
Is 13457 a composite number?
False
Is 21874 a composite number?
True
Is 94873 composite?
False
Is 68309 a prime number?
False
Is 124687 a composite number?
True
Is 72263 a composite number?
True
Is 2935 prime?
False
Is 3077 a composite number?
True
Is 24233 prime?
False
Is 29221 a prime number?
True
Is 46213 prime?
False
Is 3038561 prime?
True
Is 22047 prime?
False
Is 12739 prime?
True
Is 2520538 prime?
False
Is 4759 a composite number?
False
Is 395423 prime?
False
Is 990349 prime?
True
Is 36429 a composite number?
True
Is 2307 a prime number?
False
Is 861007 prime?
False
Is 23813 a composite number?
False
Is 103945 a prime number?
False
Is 241811 a composite number?
False
Is 474379 prime?
True
Is 16347 a composite number?
True
Is 23509 a composite number?
False
Is 153131 composite?
True
Is 3947 a prime number?
True
Is 7343 a prime number?
False
Is 98317 prime?
True
Is 152563 composite?
False
Is 14371 a prime number?
False
Is 7321 a composite number?
False
Is 43459 prime?
False
Is 1213 a composite number?
False
Is 24331 prime?
False
Is 341609 a composite number?
True
Is 222773 prime?
True
Is 22721 a prime number?
True
Is 132199 a composite number?
False
Is 125977 composite?
True
Is 24197 prime?
True
Is 34754 a prime number?
False
Is 3683 a prime number?
False
Is 1908194 composite?
True
Is 316363 a composite number?
False
Is 8057 composite?
True
Is 7717 composite?
False
Is 619441 prime?
False
Is 154499 a composite number?
True
Is 10247 composite?
False
Is 658111 a composite number?
False
Is 1061 prime?
True
Is 84037 a prime number?
False
Is 24397 composite?
True
Is 291143 prime?
True
Is 3037 composite?
False
Is 1219 prime?
False
Is 507467 composite?
True
Is 3173 a prime number?
False
Is 261961 composite?
True
Is 901101 prime?
False
Is 240131 a composite number?
False
Is 31643 a composite number?
False
Is 14797 a composite number?
False
Is 55799 composite?
False
Is 89627 a composite number?
False
Is 72305 a composite number?
True
Is 16621 composite?
True
Is 11569 a composite number?
True
Is 78367 composite?
False
Is 92333 composite?
False
Is 11111 prime?
False
Is 34879 a prime number?
False
Is 82633 a composite number?
False
Is 981763 composite?
True
Is 431369 a composite number?
False
Is 91367 composite?
False
Is 523 prime?
True
Is 25057 composite?
False
Is 3907 a prime number?
True
Is 5113 a prime number?
True
Is 1647779 a composite number?
True
Is 512763 composite?
True
Is 64373 a composite number?
False
Is 3985 composite?
True
Is 2422637 composite?
True
Is 347062 a prime number?
False
Is 4613 a composite number?
True
Is 1594207 prime?
True
Is 52951 a composite number?
False
Is 22109 composite?
False
Is 35859 a composite number?
True
Is 240859 a prime number?
True
Is 19541 a prime number?
True
Is 152101 a composite number?
True
Is 167593 prime?
True
Is 632473 composite?
False
Is 516737 a composite number?
True
Is 677147 a prime number?
True
Is 2897 a composite number?
False
Is 96833 composite?
True
Is 47219 a prime number?
False
Is 98317 prime?
True
Is 340169 composite?
False
Is 6835 prime?
False
Is 11239 prime?
True
Is 2097893 prime?
False
Is 387509 composite?
False
Is 7981 prime?
False
Is 153337 a prime number?
True
Is 134003 a composite number?
True
Is 454009 a composite number?
False
Is 542489 composite?
False
Is 34477 composite?
True
Is 344351 a prime number?
False
Is 23197 composite?
False
Is 1405 a prime number?
False
Is 8977 a prime number?
False
Is 688477 composite?
False
Is 919859 a composite number?
False
Is 4441 prime?
True
Is 560617 a composite number?
False
Is 2183 composite?
True
Is 3163 prime?
True
Is 272659 a prime number?
True
Is 65459 a composite number?
True
Is 207227 a prime number?
True
Is 24729 a prime number?
False
Is 303 a prime number?
False
Is 18419 prime?
False
Is 35051 composite?
False
Is 7799 a composite number?
True
Is 24281 prime?
True
Is 210449 composite?
True
Is 1078919 composite?
False
Is 6589 prime?
False
Is 56659 a prime number?
True
Is 11351 composite?
False
Is 11351 composite?
False
Is 2418257 a prime number?
True
Is 31721 prime?
True
Is 269471 prime?
False
Is 3149 prime?
False
Is 195961 prime?
False
Is 54121 prime?
True
Is 24439 a prime number?
True
Is 907 a prime number?
True
Is 267781 a prime number?
True
Is 39137 a composite number?
True
Is 1962115 prime?
False
Is 9619 a prime number?
True
Is 4559027 a prime number?
False
Is 51463 a composite number?
True
Is 74353 prime?
True
Is 10747 a composite number?
True
Is 46679 prime?
True
Is 9569 a prime number?
False
Is 991253 a composite number?
True
Is 2676031 composite?
False
Is 188519 a prime number?
True
Is 3817 a prime number?
False
Is 14623 a composite number?
True
Is 196747 a composite number?
True
Is 17873 composite?
True
Is 14143 a composite number?
False
Is 126059 prime?
False
Is 1135451 a composite number?
False
Is 2025079 a prime number?
False
Is 139 a prime number?
True
Is 78497 a composite number?
False
Is 6065245 a composite number?
True
Is 2995 a composite number?
True
Is 27581 composite?
False
Is 164833 prime?
False
Is 90437 a prime number?
True
Is 202049 a prime number?
True
Is 232259 a prime number?
True
Is 10123 composite?
True
Is 132413 composite?
True
Is 24317 prime?
True
Is 3137 a composite number?
False
Is 5069 prime?
False
Is 591949 a prime number?
False
Is 14371 composite?
True
Is 320469 a composite number?
True
Is 4633 a prime number?
False
Is 158947 a prime number?
False
Is 2170283 a prime number?
True
Is 769219 a composite number?
True
Is 959263 a composite number?
False
Is 246461 prime?
False
Is 147097 a prime number?
True
Is 112835 prime?
False
Is 33547 prime?
True
Is 1043351 a composite number?
False
Is 5021 composite?
False
Is 37402 a prime number?
False
Is 9469 a composite number?
True
Is 4721 composite?
False
Is 1039 a prime number?
True
Is 125497 prime?
True
Is 2823 prime?
False
Is 84499 a prime number?
True
Is 72781 a composite number?
True
Is 1577 a prime number?
False
Is 31315 prime?
False
Is 165779 a prime number?
True
Is 14263 a prime number?
False
Is 16799 composite?
True
Is 1611893 a composite number?
True
Is 569447 composite?
False
Is 367733 composite?
False
Is 1446514 a prime number?
False
Is 164413 composite?
False
Is 31469 prime?
True
Is 23297 prime?
True
Is 553 prime?
False
Is 170413 composite?
False
Is 2333 a composite number?
False
Is 2671 a composite number?
False
Is 119387 composite?
True
Is 36523 a prime number?
True
Is 1301035 a composite number?
True
Is 107171 prime?
True
Is 979 composite?
True
Is 18431 composite?
True
Is 5471 a prime number?
True
Is 27473 a prime number?
False
Is 169571 a prime number?
False
Is 2483 composite?
True
Is 641 a prime number?
True
Is 59623 a composite number?
True
Is 32771 prime?
True
Is 213383 composite?
False
Is 56249 prime?
True
Is 2791255 a prime number?
False
Is 4033 a prime number?
False
Is 271463 a composite number?
False
Is 573 a composite number?
True
Is 11723 a prime number?
False
Is 957147 composite?
True
Is 27771 composite?
True
Is 383651 composite?
False
Is 122237 a composite number?
True
Is 34061 prime?
True
Is 5207 a prime number?
False
Is 101991 a composite number?
True
Is 179663 a prime number?
False
Is 24733 a composite number?
False
Is 28961 a prime number?
True
Is 3653 a prime number?
False
Is 52667 prime?
True
Is 108701 a prime number?
False
Is 19121 composite?
False
Is 156509 a prime number?
False
Is 35339 prime?
True
Is 64117 prime?
False
Is 7117 prime?
False
Is 295994 a prime number?
False
Is 13397 a composite number?
False
Is 1195741 a prime number?
True
Is 45221 composite?
True
Is 1511 prime?
True
Is 457819 a composite number?
True
Is 59333 composite?
False
Is 108677 prime?
True
Is 382877 prime?
False
Is 307019 prime?
True
Is 37691 prime?
True
Is 43161 composite?
True
Is 35591 prime?
Tru